isor of 5070 and 3566940.
390
Calculate the greatest common divisor of 1250768 and 80.
16
Calculate the greatest common factor of 288 and 400888.
8
Calculate the highest common divisor of 100830 and 630.
30
What is the greatest common factor of 212026218 and 9732?
4866
What is the highest common factor of 4913 and 418183?
289
What is the greatest common divisor of 1288717 and 1784?
223
What is the highest common divisor of 2588 and 378495?
647
Calculate the greatest common factor of 43297042 and 1124.
562
What is the highest common divisor of 39878916 and 672?
84
Calculate the highest common divisor of 8152029 and 18.
9
Calculate the greatest common factor of 2 and 92197136.
2
What is the highest common factor of 783 and 71933456?
29
What is the greatest common divisor of 32532 and 10884?
12
Calculate the greatest common factor of 60 and 8097468.
12
What is the highest common divisor of 176554 and 1302?
14
What is the highest common divisor of 16078884 and 4044?
12
Calculate the highest common divisor of 10 and 419342090.
10
What is the highest common divisor of 147 and 3393691?
49
Calculate the greatest common divisor of 1384712 and 72996.
2212
Calculate the greatest common factor of 3 and 87737.
1
What is the greatest common factor of 5842376 and 4?
4
What is the highest common factor of 10 and 44773490?
10
What is the greatest common divisor of 11253 and 256036?
121
Calculate the highest common factor of 137400 and 15974124.
2748
What is the greatest common factor of 212929 and 5041?
71
What is the greatest common factor of 6525412 and 177018?
362
Calculate the greatest common divisor of 416 and 1613716.
52
What is the highest common factor of 3767413 and 537?
179
Calculate the highest common divisor of 1064 and 518084.
28
What is the greatest common factor of 3093215 and 245?
5
Calculate the greatest common divisor of 6090237 and 57.
3
What is the highest common divisor of 45 and 1793535?
15
Calculate the greatest common factor of 32 and 1040444.
4
What is the greatest common factor of 1926929 and 15469?
31
Calculate the greatest common divisor of 78479928 and 306.
18
Calculate the greatest common divisor of 3424 and 19276.
4
Calculate the greatest common factor of 8048530 and 1085.
1085
Calculate the highest common divisor of 2724367916 and 3578.
3578
What is the highest common divisor of 217363054 and 102?
34
Calculate the highest common factor of 488077434 and 13455.
2691
Calculate the highest common factor of 90117 and 14841.
153
What is the highest common divisor of 1887 and 5216926?
629
What is the highest common divisor of 1959660 and 2700?
540
Calculate the highest common factor of 98639592 and 1032.
1032
Calculate the greatest common divisor of 545 and 424470.
5
Calculate the greatest common factor of 235 and 7029226.
47
What is the greatest common factor of 37856712 and 29256?
552
What is the greatest common factor of 2260 and 63765?
5
Calculate the highest common factor of 509098 and 1829828.
914
Calculate the greatest common divisor of 248262043 and 31.
31
Calculate the highest common divisor of 254846 and 174.
2
Calculate the greatest common factor of 197600 and 89700.
1300
Calculate the highest common divisor of 288205288 and 56.
56
What is the greatest common divisor of 15682298 and 7922?
466
Calculate the greatest common divisor of 12906707 and 12826.
121
What is the greatest common factor of 220 and 97961160?
220
What is the greatest common factor of 3295081 and 11908?
229
Calculate the greatest common factor of 282632 and 45962.
686
What is the highest common factor of 115030901 and 809?
809
Calculate the greatest common factor of 2277 and 13952268.
99
Calculate the highest common divisor of 66461 and 494405.
1621
What is the highest common factor of 28 and 491693?
1
What is the highest common factor of 37170 and 7832958?
2478
What is the greatest common factor of 1079863 and 5123?
109
What is the highest common divisor of 29500 and 1494500?
500
Calculate the highest common divisor of 3309832 and 32.
8
Calculate the greatest common factor of 824994468 and 139.
139
Calculate the greatest common factor of 110350512 and 828.
36
What is the highest common factor of 511606953 and 2574?
1287
What is the greatest common divisor of 9 and 54241443?
9
What is the greatest common factor of 2171 and 114907?
13
What is the highest common divisor of 1120 and 180318180?
140
What is the greatest common factor of 36789786 and 7810?
1562
Calculate the greatest common factor of 26593 and 597491.
131
What is the greatest common factor of 10655100 and 144?
36
Calculate the greatest common divisor of 677985 and 160545.
1155
What is the greatest common factor of 1002 and 1277886?
6
What is the greatest common factor of 1609774 and 36427?
499
What is the greatest common divisor of 943 and 981709?
23
Calculate the highest common factor of 47847 and 500979.
123
Calculate the greatest common factor of 197001 and 860349.
1113
Calculate the greatest common factor of 133 and 566713.
133
Calculate the greatest common divisor of 6 and 11598798.
6
What is the greatest common factor of 14845890 and 117030?
1410
What is the greatest common divisor of 3305127 and 20832?
651
What is the highest common divisor of 2835124 and 14219?
241
What is the highest common factor of 6012 and 20268?
36
Calculate the highest common divisor of 6501 and 74965198.
2167
What is the highest common factor of 1131697 and 95?
19
What is the greatest common factor of 248905 and 151755?
335
What is the highest common divisor of 433 and 10687739?
433
What is the highest common factor of 50 and 274878475?
25
Calculate the greatest common divisor of 37821 and 9660.
21
Calculate the greatest common divisor of 85968 and 11008.
16
Calculate the greatest common factor of 49096162 and 194.
194
What is the greatest common divisor of 71606966 and 796?
398
What is the highest common factor of 129512341 and 32585?
6517
Calculate the highest common divisor of 22659255 and 90.
45
Calculate the highest common divisor of 12 and 14881436.
4
What is the highest common factor of 63718853 and 4348?
1087
Calculate the highest common factor of 1028 and 150292829.
257
What is the greatest common divisor of 210870 and 11070?
270
Calculate the highest common factor of 332280550 and 87.
29
What is the highest common factor of 6876 and 2015964?
36
What is the highest common factor of 814 and 8129902?
22
Calculate the greatest common divisor of 63 and 764877267.
63
What is the greatest common factor of 156025 and 3713?
79
Calculate the highest common divisor of 861 and 203119084.
287
Calculate the highest common divisor of 5341 and 494642.
109
What is the highest common divisor of 3880989 and 189?
63
What is the greatest common divisor of 84 and 13101333?
21
Calculate the highest common factor of 24805527 and 174.
87
What is the highest common divisor of 365360061 and 2706?
1353
Calculate the greatest common factor of 729 and 84005343.
243
What is the greatest common divisor of 1029 and 3025743?
21
Calculate the highest common factor of 160160 and 10243805.
715
What is the greatest common factor of 4 and 45422764?
4
What is the highest common factor of 3194 and 454?
2
Calculate the highest common divisor of 27 and 1509712695.
27
What is the greatest common factor of 33 and 10659891?
33
What is the highest common divisor of 528 and 67517472?
528
What is the greatest common factor of 1724 and 15319895?
431
What is the highest common factor of 640750 and 176614?
466
What is the highest common factor of 365 and 3831110445?
365
What is the highest common divisor of 60840 and 925980?
60
Calculate the greatest common divisor of 2421002 and 16271.
307
Calculate the highest common factor of 1129950 and 635850.
4050
What is the greatest common divisor of 1695447 and 62049?
1677
What is the highest common divisor of 82704 and 77496?
24
Calculate the highest common divisor of 699788334 and 8442.
2814
What is the greatest common factor of 1764 and 44192169?
441
What is the greatest common factor of 15792771 and 39597?
201
What is the highest common factor of 352052 and 44148?
1132
What is the greatest common factor of 286910127 and 2071?
2071
What is the greatest common divisor of 222 and 114492874?
74
Calculate the 